greatest common factor of 1990 and 45310?
10
Calculate the greatest common divisor of 483 and 292944603.
21
What is the greatest common factor of 970739 and 15554?
77
Calculate the highest common divisor of 17585748 and 72.
36
Calculate the highest common divisor of 26004 and 2096868.
2364
Calculate the highest common factor of 1190168328 and 3522.
3522
What is the greatest common divisor of 176 and 5298928?
16
Calculate the highest common factor of 6509 and 393853081.
6509
What is the greatest common divisor of 605755951 and 51?
17
What is the highest common factor of 1884 and 10188468?
12
What is the highest common divisor of 21060 and 23491260?
2340
Calculate the greatest common factor of 330468866 and 5642.
5642
Calculate the greatest common factor of 282405 and 890430.
1005
What is the highest common factor of 19722 and 5145846?
114
What is the highest common factor of 10886903 and 30083?
449
Calculate the highest common divisor of 115920 and 621.
207
Calculate the highest common divisor of 1467888 and 10644.
12
Calculate the highest common divisor of 36 and 4037643.
9
Calculate the greatest common divisor of 2171536 and 104.
8
What is the highest common factor of 113 and 284529367?
113
Calculate the highest common divisor of 175260348 and 5832.
2916
What is the greatest common divisor of 2233 and 519013?
319
What is the highest common divisor of 876870 and 13815?
45
Calculate the highest common divisor of 55 and 185726585.
55
Calculate the highest common divisor of 60254077 and 2028.
169
What is the highest common divisor of 112 and 33494272?
112
Calculate the highest common divisor of 14 and 61120.
2
What is the greatest common divisor of 451817 and 353347?
229
What is the highest common divisor of 682 and 118558198?
682
Calculate the greatest common divisor of 495196 and 15575.
89
What is the highest common divisor of 3608 and 53197951?
41
What is the highest common divisor of 42722 and 11667274?
1042
What is the highest common factor of 37662674 and 9898?
98
What is the highest common factor of 20373 and 20808?
3
What is the greatest common divisor of 209729 and 6803162?
1241
What is the greatest common divisor of 12962083 and 987?
47
What is the greatest common factor of 2 and 503629?
1
What is the greatest common divisor of 671 and 1714019846?
671
What is the greatest common divisor of 1656 and 33102819?
207
Calculate the greatest common factor of 67510 and 4846276.
314
What is the highest common factor of 44666901 and 36?
9
Calculate the highest common factor of 10632628 and 248.
124
What is the highest common factor of 4559850 and 54?
18
Calculate the highest common factor of 3443967 and 99.
9
Calculate the greatest common divisor of 12598577 and 10070.
1007
Calculate the greatest common divisor of 2474 and 42682.
2
What is the greatest common factor of 3208 and 5607985?
401
What is the greatest common factor of 4263 and 600348?
147
What is the greatest common factor of 949 and 12073981?
73
Calculate the greatest common factor of 1417 and 75959.
13
What is the highest common factor of 672704 and 69184?
1472
What is the highest common divisor of 2553 and 502423?
37
Calculate the highest common divisor of 29224 and 36998146.
562
Calculate the highest common divisor of 31462369 and 86.
43
Calculate the greatest common factor of 2384 and 32812184.
1192
What is the greatest common divisor of 368 and 11484521?
23
Calculate the highest common divisor of 412512635 and 335.
335
Calculate the highest common factor of 11481836 and 4544.
284
Calculate the greatest common divisor of 120273190 and 8552.
2138
Calculate the highest common divisor of 40439129 and 69.
23
What is the greatest common factor of 337121349 and 498?
249
Calculate the greatest common factor of 4479340 and 1780.
20
What is the greatest common factor of 1 and 366013?
1
Calculate the greatest common divisor of 5586292 and 102671.
1237
Calculate the highest common factor of 2660 and 156977620.
380
What is the highest common factor of 2004695615 and 11890?
5945
What is the greatest common factor of 607056 and 4432?
16
Calculate the highest common factor of 15 and 8902515.
15
Calculate the greatest common divisor of 918 and 15823404.
54
What is the greatest common divisor of 2430 and 634554?
162
What is the highest common divisor of 39 and 256857211?
13
Calculate the highest common divisor of 35406055 and 1010.
505
Calculate the greatest common divisor of 13 and 129789270.
13
Calculate the greatest common factor of 4229277 and 2652.
663
What is the highest common factor of 2398049 and 53751?
943
What is the greatest common factor of 7455 and 872945?
355
What is the greatest common factor of 16698 and 3551614?
506
Calculate the greatest common divisor of 2133918 and 1128492.
2322
Calculate the greatest common factor of 11124630 and 374.
374
Calculate the greatest common divisor of 1881 and 248083.
209
Calculate the greatest common factor of 262792 and 62014.
614
Calculate the greatest common divisor of 117283 and 221.
17
What is the greatest common factor of 6622 and 33648747?
473
What is the highest common divisor of 44913 and 5871354?
4083
Calculate the highest common factor of 325 and 79601405.
65
Calculate the highest common factor of 405175 and 3185955.
4265
Calculate the greatest common divisor of 416560 and 139700.
2540
Calculate the greatest common divisor of 78 and 1056246.
6
What is the highest common factor of 999946 and 16?
2
Calculate the highest common divisor of 17251 and 113165.
13
Calculate the greatest common factor of 11125 and 3677250.
125
What is the greatest common divisor of 10455813 and 171?
9
Calculate the highest common divisor of 1074739872 and 7008.
7008
What is the highest common factor of 741 and 137287540?
247
Calculate the greatest common factor of 5 and 149802995.
5
What is the highest common factor of 289 and 353141?
17
What is the greatest common divisor of 147 and 2283449?
49
Calculate the greatest common divisor of 672 and 1551088.
112
What is the greatest common factor of 592131 and 14973?
93
Calculate the greatest common factor of 2001088 and 128.
64
What is the highest common factor of 800624 and 7909?
11
Calculate the highest common factor of 19655066 and 17590.
3518
Calculate the highest common divisor of 35431054 and 430.
86
What is the greatest common divisor of 43670342 and 178?
178
Calculate the highest common factor of 215418 and 118818.
966
What is the greatest common divisor of 4117 and 125885509?
4117
What is the greatest common factor of 298 and 272003374?
298
Calculate the greatest common factor of 6775 and 1594825.
25
Calculate the greatest common factor of 1631424 and 1160000.
1856
What is the highest common divisor of 14716044 and 1764?
252
Calculate the highest common factor of 170956 and 30336.
316
What is the highest common factor of 204 and 1574965884?
204
Calculate the greatest common factor of 9552317 and 85.
17
What is the highest common divisor of 3012 and 21462?
6
What is the highest common factor of 178332 and 11678044?
5404
Calculate the greatest common divisor of 58103891 and 441189.
7003
What is the highest common divisor of 3237 and 406783?
1079
Calculate the greatest common factor of 1925 and 1168825.
175
Calculate the greatest common divisor of 10751327 and 11408.
713
Calculate the greatest common factor of 2722807 and 193901.
2731
Calculate the greatest common factor of 5 and 348307.
1
Calculate the highest common divisor of 228176025 and 2310.
1155
What is the highest common divisor of 153135 and 1920?
15
Calculate the highest common factor of 5024 and 510721.
157
What is the highest common factor of 11004864 and 4096?
64
What is the highest common divisor of 169375961 and 2419?
2419
What is the greatest common divisor of 252 and 3239199?
9
What is the greatest common factor of 16872 and 14412792?
456
What is the greatest common factor of 53260 and 561893?
2663
What is the greatest common factor of 74080019 and 13?
13
Calculate the greatest common divisor of 6678476 and 571564.
3836
Calculate the greatest common divisor of 745493 and 4342961.
2653
What is the highest common divisor of 8 and 8693236?
4
Calculate the greatest common divisor of 12666364 and 16006.
106
What is the highest common divisor of